{"id":365,"date":"2020-08-14T11:30:28","date_gmt":"2020-08-14T11:30:28","guid":{"rendered":"http:\/\/www.skillacademy.pl\/?page_id=365"},"modified":"2020-08-31T18:57:45","modified_gmt":"2020-08-31T18:57:45","slug":"obozy-polkolonie-letnie-zimowe","status":"publish","type":"page","link":"https:\/\/www.skillacademy.pl\/index.php\/obozy-polkolonie-letnie-zimowe\/","title":{"rendered":"OBOZY \/ P\u00d3\u0141KOLONIE LETNIE &#038; ZIMOWE"},"content":{"rendered":"<div class=\"wpb-content-wrapper\"><p>[vc_row full_width=&#8221;stretch_row&#8221; css=&#8221;.vc_custom_1597610891297{background-color: #000000 !important;}&#8221;][vc_column][vc_empty_space alter_height=&#8221;none&#8221; hide_on_mobile=&#8221;&#8221;][\/vc_column][\/vc_row][vc_row full_width=&#8221;stretch_row&#8221; css=&#8221;.vc_custom_1597610900752{background-color: #000000 !important;}&#8221;][vc_column width=&#8221;1\/2&#8243;][vc_column_text]<span style=\"color: #ffffff;\">SKILL ACADEMY organizuje obozy oraz p\u00f3\u0142kolonie \u2013 stacjonarne oraz wyjazdowe. Nasze obozy letnie oraz zimowe s\u0105 \u015bwietn\u0105 okazj\u0105 do integracji, rozwijania swojej pasji oraz w celu rozwini\u0119cia swoich umiej\u0119tno\u015bci tanecznych.<\/span><\/p>\n<p><span style=\"color: #ffffff;\">Wi\u0119cej informacji oraz zapisy na nasze obozy\/p\u00f3\u0142kolonie w zak\u0142adce<\/span> <a href=\"https:\/\/www.skillacademy.pl\/index.php\/aktualnosci\/\">AKTUALNO\u015aCI<\/a>[\/vc_column_text][\/vc_column][vc_column width=&#8221;1\/2&#8243;][vc_single_image image=&#8221;219&#8243; img_size=&#8221;full&#8221; alignment=&#8221;center&#8221;][\/vc_column][\/vc_row][vc_row full_width=&#8221;stretch_row&#8221; css=&#8221;.vc_custom_1597610909222{background-color: #000000 !important;}&#8221;][vc_column][vc_empty_space alter_height=&#8221;none&#8221; hide_on_mobile=&#8221;&#8221;][\/vc_column][\/vc_row]<\/p>\n<\/div>","protected":false},"excerpt":{"rendered":"<p>[vc_row full_width=&#8221;stretch_row&#8221; css=&#8221;.vc_custom_1597610891297{background-color: #000000 !important;}&#8221;][vc_column][vc_empty_space alter_height=&#8221;none&#8221; hide_on_mobile=&#8221;&#8221;][\/vc_column][\/vc_row][vc_row full_width=&#8221;stretch_row&#8221; css=&#8221;.vc_custom_1597610900752{background-color: #000000 !important;}&#8221;][vc_column width=&#8221;1\/2&#8243;][vc_column_text]SKILL ACADEMY organizuje obozy oraz p\u00f3\u0142kolonie \u2013 stacjonarne oraz wyjazdowe. Nasze obozy letnie oraz zimowe s\u0105 \u015bwietn\u0105 okazj\u0105 do&hellip;<\/p>\n","protected":false},"author":1,"featured_media":0,"parent":0,"menu_order":0,"comment_status":"closed","ping_status":"closed","template":"","meta":{"footnotes":""},"class_list":["post-365","page","type-page","status-publish","hentry"],"_links":{"self":[{"href":"https:\/\/www.skillacademy.pl\/index.php\/wp-json\/wp\/v2\/pages\/365"}],"collection":[{"href":"https:\/\/www.skillacademy.pl\/index.php\/wp-json\/wp\/v2\/pages"}],"about":[{"href":"https:\/\/www.skillacademy.pl\/index.php\/wp-json\/wp\/v2\/types\/page"}],"author":[{"embeddable":true,"href":"https:\/\/www.skillacademy.pl\/index.php\/wp-json\/wp\/v2\/users\/1"}],"replies":[{"embeddable":true,"href":"https:\/\/www.skillacademy.pl\/index.php\/wp-json\/wp\/v2\/comments?post=365"}],"version-history":[{"count":10,"href":"https:\/\/www.skillacademy.pl\/index.php\/wp-json\/wp\/v2\/pages\/365\/revisions"}],"predecessor-version":[{"id":389,"href":"https:\/\/www.skillacademy.pl\/index.php\/wp-json\/wp\/v2\/pages\/365\/revisions\/389"}],"wp:attachment":[{"href":"https:\/\/www.skillacademy.pl\/index.php\/wp-json\/wp\/v2\/media?parent=365"}],"curies":[{"name":"wp","href":"https:\/\/api.w.org\/{rel}","templated":true}]}}